{"id":3146,"date":"2020-04-08T11:52:53","date_gmt":"2020-04-08T11:52:53","guid":{"rendered":"https:\/\/alojatunegocio.com\/web\/?page_id=3146"},"modified":"2020-04-11T03:19:34","modified_gmt":"2020-04-11T03:19:34","slug":"preguntas-frecuentes","status":"publish","type":"page","link":"https:\/\/alojatunegocio.com\/web\/recursos-y-ayuda\/preguntas-frecuentes\/","title":{"rendered":"Preguntas Frecuentes"},"content":{"rendered":"<p>[vc_row][vc_column][\/vc_column][\/vc_row][vc_row][vc_column][vc_empty_space][\/vc_column][\/vc_row][vc_row][vc_column width=&#8221;2\/3&#8243;][vc_tta_accordion][vc_tta_section title=&#8221;\u00bfQu\u00e9 es un HOSTING?&#8221; tab_id=&#8221;1586558336390-7d8d8062-4d95&#8243;][vc_column_text]<\/p>\n<p style=\"text-align: justify;\"><span style=\"color: #000000;\">Hosting es un espacio asignado en un servidor donde los individuos u organizaciones alojan su sitio web. Este es un servicio que le permitir\u00e1 publicar su p\u00e1gina web en Internet, tener sus correos electr\u00f3nicos con el nombre de su empresa, entre otros servicios (estad\u00edsticas, antivirus, FTP, m\u00e1s de 250 aplicaciones: WordPress, phpBB, Joomla.<\/span><\/p>\n<p>[\/vc_column_text][\/vc_tta_section][vc_tta_section title=&#8221;\u00bfQu\u00e9 es un DOMINIO?&#8221; tab_id=&#8221;1586558336414-76648c69-8087&#8243;][vc_column_text]<\/p>\n<p style=\"text-align: justify;\"><span style=\"color: #000000;\">Un dominio es el nombre que identificara a tu negocio o proyecto en la internet (p\u00e1gina web, cuentas de correos y otros servicios) por ejemplo: <strong>www.miempresa.pe<\/strong><\/span><\/p>\n<p style=\"text-align: justify;\"><span style=\"color: #000000;\">Un dominio puede ser territorial para identificar que tu negocio se encuentra en Per\u00fa (.pe o .com.pe ) pero tambi\u00e9n existen dominios internacionales como: (.com &#8211; .net &#8211; .org &#8211; .tv, etc.).<\/span><\/p>\n<p style=\"text-align: justify;\"><em><strong><span style=\"color: #000000;\">Para poder utilizar un servicio de hosting es indispensable que el cliente tenga un dominio.<\/span><\/strong><\/em><\/p>\n<p>[\/vc_column_text][\/vc_tta_section][vc_tta_section title=&#8221;Compre mi dominio con otro proveedor. \u00bfHabr\u00eda alg\u00fan problema?&#8221; tab_id=&#8221;1586561448722-85105130-e641&#8243;][vc_column_text]<\/p>\n<p style=\"text-align: justify;\"><span style=\"color: #000000;\">No, no habr\u00eda ning\u00fan problema para este caso se tendr\u00eda que contratar un servicio de <a style=\"color: #000000;\" href=\"https:\/\/alojatunegocio.com\/web\/hosting\/solo-hosting\/\">SOLO HOSTING<\/a>, nosotros le proporcionaremos las DNS para que realice la configuraci\u00f3n en su panel de administraci\u00f3n o usted puede otorgarnos la administraci\u00f3n de su dominio y nosotros nos encargaremos de todo.<\/span><\/p>\n<p>[\/vc_column_text][\/vc_tta_section][vc_tta_section title=&#8221;Compre mi hosting con otro proveedor. \u00bfHabr\u00eda alg\u00fan problema?&#8221; tab_id=&#8221;1586561450357-1a18f356-53c6&#8243;][vc_column_text]<\/p>\n<p style=\"text-align: justify;\"><span style=\"color: #000000;\">No, no habr\u00eda ning\u00fan problema para este caso se tendr\u00eda que contratar un servicio de <a href=\"https:\/\/alojatunegocio.com\/web\/hosting\/dominios\/\">DOMINIO<\/a>, nosotros realizar\u00edamos la configuraci\u00f3n para que se enlace con tu servicio de hosting actual y todo quede operativo.<\/span><\/p>\n<p>[\/vc_column_text][\/vc_tta_section][vc_tta_section title=&#8221;Deseo adquirir sus servicios !!!&#8221; tab_id=&#8221;1586572703885-c79d6eab-8fe6&#8243;][vc_column_text]<\/p>\n<p style=\"text-align: justify;\"><span style=\"color: #000000;\">Puedes realizar la compra de nuestros servicios realizando transferencia bancaria, pagando con tarjeta de cr\u00e9dito o con transferencia por PAYPAL. Una vez que confirmemos el abono se solicitar\u00e1 una serie datos y proceder\u00e1 con la activaci\u00f3n del servicio.<\/span><\/p>\n<p><span style=\"color: #000000;\"><strong>Sus accesos ser\u00e1n enviados a su email.<\/strong><\/span>[\/vc_column_text][\/vc_tta_section][vc_tta_section title=&#8221;En cuanto tiempo esta activado el servicio&#8221; tab_id=&#8221;1586572704810-55167f3b-c28d&#8221;][vc_column_text]<\/p>\n<p style=\"text-align: justify;\"><span style=\"color: #000000;\">Los servicios quedan operativos en un promedio de 24 horas.<\/span><\/p>\n<p>[\/vc_column_text][\/vc_tta_section][vc_tta_section title=&#8221;\u00bfAceptan tarjetas de cr\u00e9dito?&#8221; tab_id=&#8221;1586572705809-88b5eb6b-31b5&#8243;][vc_column_text]<\/p>\n<p style=\"text-align: justify;\"><span style=\"color: #000000;\">Aceptamos tarjetas de cr\u00e9dito VISA y MC, transferencias bancarias, dep\u00f3sitos mediante PayPal.<\/span><\/p>\n<p>[\/vc_column_text][\/vc_tta_section][vc_tta_section title=&#8221;Emiten Boleta y\/o Factura&#8221; tab_id=&#8221;1586573178451-de82a57d-abfb&#8221;][vc_column_text]<\/p>\n<p style=\"text-align: justify;\"><span style=\"color: #000000;\">Somos un negocio formal desde hace 10 a\u00f1os por tanto emitimos boletas y facturas electr\u00f3nicas seg\u00fan requiera el cliente. <\/span><\/p>\n<p>[\/vc_column_text][\/vc_tta_section][vc_tta_section title=&#8221;\u00bfCuento con un Panel de Administraci\u00f3n?&#8221; tab_id=&#8221;1586573180016-8a059863-fb7b&#8221;][vc_column_text]<\/p>\n<p style=\"text-align: justify;\"><span style=\"color: #000000;\">Cada cuenta activada posee su propio Panel de Control en espa\u00f1ol (CPANEL). Desde el Panel pueden acceder a todas las funcionalidades del servicio de hosting (creaci\u00f3n de correos electr\u00f3nicos, estad\u00edsticas, crear bases de datos, crear subdominios, instalar un foro, etc.).<\/span><\/p>\n<p>[\/vc_column_text][\/vc_tta_section][vc_tta_section title=&#8221;\u00bfPara que sirve Webmail?&#8221; tab_id=&#8221;1586573180956-33f5956c-c393&#8243;][vc_column_text]<\/p>\n<p style=\"text-align: justify;\"><span style=\"color: #000000;\">Webmail es un cliente web de correo electr\u00f3nico tal y como se realiza en Hotmail, Gmail u otro, cuenta con las mismas funcionalidades (enviar, recibir, eliminar etc.) con el podr\u00e1s tener acceso a tu informaci\u00f3n desde cualquier lugar.<\/span><\/p>\n<p>[\/vc_column_text][\/vc_tta_section][vc_tta_section title=&#8221;\u00bfSi tengo otras consultas?&#8221; tab_id=&#8221;1586574827954-2be0ba4d-c5b4&#8243;][vc_column_text]<\/p>\n<p style=\"text-align: justify;\"><span style=\"color: #000000;\">Si tuvieras otras consultas, si\u00e9ntete en total confianza de comunicarte con nosotros a trav\u00e9s de cualquier de nuestros canales (email, WhatsApp, o chat desde la p\u00e1gina web) a la brevedad te estaremos respondiendo.<\/span><\/p>\n<p>[\/vc_column_text][\/vc_tta_section][\/vc_tta_accordion][\/vc_column][vc_column width=&#8221;1\/3&#8243;][vc_single_image image=&#8221;3257&#8243; img_size=&#8221;400&#215;400&#8243; alignment=&#8221;center&#8221;][\/vc_column][\/vc_row][vc_row][vc_column][vc_column_text][\/vc_column_text][\/vc_column][vc_column width=&#8221;1\/3&#8243;][\/vc_column][\/vc_row]<\/p>\n","protected":false},"excerpt":{"rendered":"<p>[vc_row][vc_column][\/vc_column][\/vc_row][vc_row][vc_column][vc_empty_space][\/vc_column][\/vc_row][vc_row][vc_column width=&#8221;2\/3&#8243;][vc_tta_accordion][vc_tta_section title=&#8221;\u00bfQu\u00e9 es un HOSTING?&#8221; tab_id=&#8221;1586558336390-7d8d8062-4d95&#8243;][vc_column_text] Hosting es un espacio asignado en un servidor donde los individuos u organizaciones alojan su sitio web. Este es un servicio que le permitir\u00e1 publicar su p\u00e1gina web en Internet, tener sus correos electr\u00f3nicos con el nombre de su empresa, entre otros servicios (estad\u00edsticas, antivirus, FTP, m\u00e1s de [&hellip;]<\/p>\n","protected":false},"author":1,"featured_media":0,"parent":2944,"menu_order":0,"comment_status":"closed","ping_status":"closed","template":"","meta":{"spay_email":""},"_links":{"self":[{"href":"https:\/\/alojatunegocio.com\/web\/wp-json\/wp\/v2\/pages\/3146"}],"collection":[{"href":"https:\/\/alojatunegocio.com\/web\/wp-json\/wp\/v2\/pages"}],"about":[{"href":"https:\/\/alojatunegocio.com\/web\/wp-json\/wp\/v2\/types\/page"}],"author":[{"embeddable":true,"href":"https:\/\/alojatunegocio.com\/web\/wp-json\/wp\/v2\/users\/1"}],"replies":[{"embeddable":true,"href":"https:\/\/alojatunegocio.com\/web\/wp-json\/wp\/v2\/comments?post=3146"}],"version-history":[{"count":17,"href":"https:\/\/alojatunegocio.com\/web\/wp-json\/wp\/v2\/pages\/3146\/revisions"}],"predecessor-version":[{"id":3270,"href":"https:\/\/alojatunegocio.com\/web\/wp-json\/wp\/v2\/pages\/3146\/revisions\/3270"}],"up":[{"embeddable":true,"href":"https:\/\/alojatunegocio.com\/web\/wp-json\/wp\/v2\/pages\/2944"}],"wp:attachment":[{"href":"https:\/\/alojatunegocio.com\/web\/wp-json\/wp\/v2\/media?parent=3146"}],"curies":[{"name":"wp","href":"https:\/\/api.w.org\/{rel}","templated":true}]}}