{"id":2946,"date":"2020-04-03T12:11:59","date_gmt":"2020-04-03T12:11:59","guid":{"rendered":"https:\/\/alojatunegocio.com\/web\/?page_id=2946"},"modified":"2020-04-07T04:11:38","modified_gmt":"2020-04-07T04:11:38","slug":"politica-de-privacidad","status":"publish","type":"page","link":"https:\/\/alojatunegocio.com\/web\/recursos-y-ayuda\/politica-de-privacidad\/","title":{"rendered":"Pol\u00edtica de Privacidad"},"content":{"rendered":"<p>[vc_row][vc_column][\/vc_column][\/vc_row][vc_row][vc_column][vc_empty_space][\/vc_column][\/vc_row][vc_row][vc_column width=&#8221;2\/3&#8243;][vc_column_text]<\/p>\n<p style=\"text-align: justify;\"><span style=\"color: #000000;\">Al realizar una compra de alg\u00fan servicio a la compa\u00f1\u00eda\u00a0<strong>Aloja Tu Negocio (www.alojatunegocio.com)<\/strong>, el cliente acepta expresamente y en su totalidad los acuerdos denominados\u00a0<u>\u201cT\u00e9rminos de uso\u201d<\/u>\u00a0y <u>\u201cPol\u00edticas de privacidad\u201d<\/u>. As\u00ed mismo, el cliente acepta que todas las normas y lineamientos contenidos en los apartados antes mencionados pueden ser variadas por\u00a0<strong>Aloja Tu Negocio (www.alojatunegocio.com) <\/strong>sin previo aviso en el momento que la compa\u00f1\u00eda as\u00ed lo crea conveniente por tal motivo ser\u00e1 responsabilidad del cliente consultar regularmente los documentos mencionados y estar al tanto de su contenido. La continuidad del uso del servicio por parte del cliente constituye su aceptaci\u00f3n a los cambios hechos en los acuerdos mencionados, si el cliente no est\u00e1 de acuerdo con los t\u00e9rminos del servicio DEBE notificar inmediatamente a\u00a0<strong>Aloja Tu Negocio (www.alojatunegocio.com) <\/strong>y detener el uso del servicio.<\/span><\/p>\n<p style=\"text-align: justify;\"><span style=\"color: #000000;\">La relaci\u00f3n entre el cliente y la compa\u00f1\u00eda\u00a0<strong>Aloja Tu Negocio (www.alojatunegocio.com)<\/strong>, ser\u00e1n regidas por las leyes de la Rep\u00fablica del PER\u00da. Todas las disputas, controversias y reclamos causados o relacionadas con estos t\u00e9rminos y condiciones ser\u00e1n resueltos por las leyes peruanas \u00a0en las instancias correspondientes.<\/span><\/p>\n<p style=\"text-align: justify;\"><span style=\"color: #000000;\">ES LA SUPOSICI\u00d3N DE <strong>Aloja Tu Negocio (www.alojatunegocio.com) <\/strong>QUE EL CLIENTE ADQUIERE UN SERVICIO S\u00d3LO DESPU\u00c9S DE DETERMINAR QUE AL HACERLO NO VIOLA NINGUNA LEY NI REGULACI\u00d3N EN SU PA\u00cdS Y JURISDICCI\u00d3N. As\u00ed mismo el cliente garantiza que no est\u00e1 violando ninguna ley ni regulaci\u00f3n con su uso del servicio y exime a la compa\u00f1\u00eda\u00a0<strong>Aloja Tu Negocio (www.alojatunegocio.com)<\/strong>\u00a0de toda responsabilidad en caso de cualquier violaci\u00f3n.<\/span><\/p>\n<p style=\"text-align: justify;\"><span style=\"color: #000000;\">El Cliente est\u00e1 de acuerdo con liberar, indemnizar y no culpar a la compa\u00f1\u00eda de cualquier reclamo que se haga en contra de\u00a0<strong>Aloja Tu Negocio (www.alojatunegocio.com) <\/strong>por una tercera empresa o persona que resulte afectada con el uso del servicio adquirido por parte del cliente.<\/span><\/p>\n<p>&nbsp;<\/p>\n<p style=\"text-align: center;\"><span style=\"color: #000000;\"><strong><span style=\"font-size: 18pt;\">DECLARACI\u00d3N DE PRIVACIDAD<\/span><\/strong><\/span><\/p>\n<p>&nbsp;<\/p>\n<p><span style=\"color: #000000;\">PROTECCI\u00d3N DE DATOS<\/span><\/p>\n<p style=\"text-align: justify;\"><span style=\"color: #000000;\">En tanto que el cliente d\u00e9 un uso legal a los recursos provistos por\u00a0<strong>Aloja Tu Negocio (www.alojatunegocio.com) <\/strong>en la prestaci\u00f3n del servicio, la compa\u00f1\u00eda se compromete a no revelar ni dar permiso expreso para utilizar la informaci\u00f3n personal que obtenga de parte del cliente en la realizaci\u00f3n de una transacci\u00f3n y asegura que los datos aportados por el cliente de la manera descrita solamente ser\u00e1n utilizados por la compa\u00f1\u00eda para fines relacionados con la prestaci\u00f3n del servicio adquirido por el mismo.<\/span><\/p>\n<p style=\"text-align: justify;\"><span style=\"color: #000000;\"><strong>Aloja Tu Negocio (www.alojatunegocio.com) <\/strong>asegura que \u00fanicamente tratar\u00e1 los datos conforme a las instrucciones del cliente responsable del tratamiento, que no los aplicar\u00e1 o utilizar\u00e1 con fin distinto al de la prestaci\u00f3n del servicio (ver T\u00e9rminos del Servicio), ni los comunicar\u00e1, ni siquiera para su conservaci\u00f3n, a otras personas.<\/span><\/p>\n<p style=\"text-align: justify;\"><span style=\"color: #000000;\">En el caso de que el cliente registre un nombre de Dominio con \u00a0<strong>Aloja Tu Negocio (www.alojatunegocio.com)<\/strong> el dominio es registrado y administrado por <strong>Aloja Tu Negocio (www.alojatunegocio.com) <\/strong>usando para ello la informaci\u00f3n de nuestro negocio por el periodo que el cliente permanezca usando nuestros servicios.<\/span><\/p>\n<p style=\"text-align: justify;\"><span style=\"color: #000000;\"><strong>Aloja Tu Negocio (www.alojatunegocio.com) <\/strong>proh\u00edbe el uso de sus servicios en actividades ilegales. Por lo tanto, el cliente acepta que la compa\u00f1\u00eda puede entregar cualquier informaci\u00f3n de su pertenencia incluidas las direcciones IP asignadas, historial de la cuenta, uso de la cuenta, datos personales y financieros, etc., a cualquier agencia o instituci\u00f3n policial nacional, internacional o de refuerzo de la ley que haga una solicitud, sin previa notificaci\u00f3n al suscriptor. Adicionalmente en caso de incumplimiento de los t\u00e9rminos y condiciones de uso y\/o delito por parte del cliente <strong>Aloja Tu Negocio (www.alojatunegocio.com) <\/strong>\u00a0tendr\u00e1 el derecho de terminar la prestaci\u00f3n de los servicios hacia el cliente sin que este pueda reclamar devoluci\u00f3n de dinero o backup de su informaci\u00f3n.<\/span><\/p>\n<p>&nbsp;<\/p>\n<p><span style=\"color: #000000;\">INFORMACI\u00d3N PERSONAL<\/span><\/p>\n<p style=\"text-align: justify;\"><span style=\"color: #000000;\">Si la informaci\u00f3n personal de un usuario cambia, es responsabilidad del usuario informar a\u00a0<strong>Aloja Tu Negocio (www.alojatunegocio.com) <\/strong>acerca de los cambios. Por tanto, cualquier inconveniente presentado en la prestaci\u00f3n del servicio adquirido por el cliente, y que sea causado por la variaci\u00f3n de dichos datos, ser\u00e1 responsabilidad \u00fanica y exclusivamente del cliente.<\/span><\/p>\n<p>&nbsp;<\/p>\n<p><span style=\"color: #000000;\">COMUNICACI\u00d3N<\/span><\/p>\n<p style=\"text-align: justify;\"><span style=\"color: #000000;\">El cliente autoriza a\u00a0<strong>Aloja Tu Negocio (www.alojatunegocio.com) <\/strong>a enviarle ocasionalmente informaci\u00f3n sobre los productos, servicios y ofertas especiales de la compa\u00f1\u00eda por email o v\u00eda bolet\u00edn electr\u00f3nico. De darse de que el cliente no desee recibir dicha informaci\u00f3n el cliente tendr\u00e1 que enviarnos un email a \u00a0nuestra casilla hola@alojatunegocio.com manifestando no desear recibir publicidad.<\/span><\/p>\n<p>&nbsp;<\/p>\n<p><span style=\"color: #000000;\">ENLACES EXTERNOS<\/span><\/p>\n<p style=\"text-align: justify;\"><span style=\"color: #000000;\">Nuestro sitio web contiene enlaces a otros sitios web ajenos a nuestra compa\u00f1\u00eda por lo que el cliente debe saber que\u00a0<strong>Aloja Tu Negocio (www.alojatunegocio.com) <\/strong>no es responsable de las pr\u00e1cticas de privacidad provistas en tales sitios. Esta declaraci\u00f3n de privacidad se aplica solamente a informaci\u00f3n coleccionada por el sitio web de\u00a0<strong>Aloja Tu Negocio (www.alojatunegocio.com)<\/strong>.<\/span><\/p>\n<p>&nbsp;<\/p>\n<p><span style=\"color: #000000;\">SEGURIDAD<\/span><\/p>\n<p style=\"text-align: justify;\"><span style=\"color: #000000;\">Las transacciones y pagos en l\u00ednea ser\u00e1n manejados por compa\u00f1\u00edas ajenas a\u00a0<strong>Aloja Tu Negocio (www.alojatunegocio.com)<\/strong>. Por tanto, aunque\u00a0<strong>Aloja Tu Negocio (www.alojatunegocio.com)<\/strong>\u00a0brinda toda su confianza a las compa\u00f1\u00edas de procesamientos de pagos, no es responsable por el manejo que estos realicen de los datos aportados por el usuario.<\/span><\/p>\n<p>&nbsp;<\/p>\n<p><span style=\"color: #000000;\">CAMBIOS<\/span><\/p>\n<p style=\"text-align: justify;\"><span style=\"color: #000000;\">Este acuerdo de \u201cPol\u00edticas de privacidad\u201d puede cambiar en cualquier momento y el cliente acepta que todas las normas y lineamientos contenidos en el pueden ser variadas por <strong>Aloja Tu Negocio (www.alojatunegocio.com)<\/strong>\u00a0sin previo aviso en el momento que la compa\u00f1\u00eda as\u00ed lo crea conveniente. Por tal motivo ser\u00e1 responsabilidad del cliente consultar regularmente este apartado y estar al tanto de su contenido.<\/span><\/p>\n<p style=\"text-align: justify;\"><span style=\"color: #000000;\">Al adquirir o suscribirse a un servicio de\u00a0<strong>Aloja Tu Negocio (www.alojatunegocio.com) <\/strong>\u00a0el cliente se compromete a cumplir con este acuerdo en su totalidad.<\/span><\/p>\n<p>[\/vc_column_text][\/vc_column][vc_column width=&#8221;1\/3&#8243;][vc_single_image image=&#8221;2950&#8243; img_size=&#8221;400&#215;400&#8243; alignment=&#8221;center&#8221;][\/vc_column][\/vc_row][vc_row][vc_column][vc_column_text][\/vc_column_text][\/vc_column][vc_column width=&#8221;1\/3&#8243;][\/vc_column][\/vc_row]<\/p>\n","protected":false},"excerpt":{"rendered":"<p>[vc_row][vc_column][\/vc_column][\/vc_row][vc_row][vc_column][vc_empty_space][\/vc_column][\/vc_row][vc_row][vc_column width=&#8221;2\/3&#8243;][vc_column_text] Al realizar una compra de alg\u00fan servicio a la compa\u00f1\u00eda\u00a0Aloja Tu Negocio (www.alojatunegocio.com), el cliente acepta expresamente y en su totalidad los acuerdos denominados\u00a0\u201cT\u00e9rminos de uso\u201d\u00a0y \u201cPol\u00edticas de privacidad\u201d. As\u00ed mismo, el cliente acepta que todas las normas y lineamientos contenidos en los apartados antes mencionados pueden ser variadas por\u00a0Aloja Tu Negocio (www.alojatunegocio.com) [&hellip;]<\/p>\n","protected":false},"author":1,"featured_media":0,"parent":2944,"menu_order":0,"comment_status":"closed","ping_status":"closed","template":"","meta":{"spay_email":""},"_links":{"self":[{"href":"https:\/\/alojatunegocio.com\/web\/wp-json\/wp\/v2\/pages\/2946"}],"collection":[{"href":"https:\/\/alojatunegocio.com\/web\/wp-json\/wp\/v2\/pages"}],"about":[{"href":"https:\/\/alojatunegocio.com\/web\/wp-json\/wp\/v2\/types\/page"}],"author":[{"embeddable":true,"href":"https:\/\/alojatunegocio.com\/web\/wp-json\/wp\/v2\/users\/1"}],"replies":[{"embeddable":true,"href":"https:\/\/alojatunegocio.com\/web\/wp-json\/wp\/v2\/comments?post=2946"}],"version-history":[{"count":6,"href":"https:\/\/alojatunegocio.com\/web\/wp-json\/wp\/v2\/pages\/2946\/revisions"}],"predecessor-version":[{"id":3022,"href":"https:\/\/alojatunegocio.com\/web\/wp-json\/wp\/v2\/pages\/2946\/revisions\/3022"}],"up":[{"embeddable":true,"href":"https:\/\/alojatunegocio.com\/web\/wp-json\/wp\/v2\/pages\/2944"}],"wp:attachment":[{"href":"https:\/\/alojatunegocio.com\/web\/wp-json\/wp\/v2\/media?parent=2946"}],"curies":[{"name":"wp","href":"https:\/\/api.w.org\/{rel}","templated":true}]}}