{"id":2485,"date":"2020-03-20T03:44:43","date_gmt":"2020-03-20T03:44:43","guid":{"rendered":"https:\/\/alojatunegocio.com\/web\/?page_id=2485"},"modified":"2020-04-25T17:19:46","modified_gmt":"2020-04-25T17:19:46","slug":"diseno-web","status":"publish","type":"page","link":"https:\/\/alojatunegocio.com\/web\/servicios\/diseno-web\/","title":{"rendered":"Dise\u00f1o Web"},"content":{"rendered":"<p>[vc_row][vc_column][vc_single_image image=&#8221;3179&#8243; img_size=&#8221;full&#8221; alignment=&#8221;center&#8221;][\/vc_column][\/vc_row][vc_row wrap_container=&#8221;yes&#8221; css=&#8221;.vc_custom_1544533875075{padding-top: 70px !important;padding-bottom: 50px !important;}&#8221;][vc_column width=&#8221;2\/3&#8243; animation_delay=&#8221;200&#8243; animation_type=&#8221;fadeInRight&#8221;][vc_message message_box_style=&#8221;solid&#8221; message_box_color=&#8221;sky&#8221; icon_fontawesome=&#8221;fab fa-wordpress&#8221; css=&#8221;.vc_custom_1586438216103{background-color: #0088cc !important;}&#8221;]Ten tu p\u00e1gina web YA !!!.[\/vc_message][vc_row_inner][vc_column_inner][vc_column_text]<\/p>\n<p style=\"text-align: justify;\"><span style=\"color: #000000;\">Una p\u00e1gina web administrable es una web din\u00e1mica\u00a0 que te permite gestionar tus contenidos (textos, fotos, v\u00eddeos y otros elementos) a trav\u00e9s de una interfaz administrativa r\u00e1pida y sencilla. Nosotros desarrollamos soluciones usando el CMS (manejador de contenidos) WordPress.<\/span><\/p>\n<p style=\"padding-left: 40px;\"><span style=\"font-size: 17px;\"><strong><span style=\"color: #000000;\">Ventajas <\/span><\/strong><\/span><\/p>\n<p>[\/vc_column_text][\/vc_column_inner][\/vc_row_inner][vc_row_inner][vc_column_inner width=&#8221;1\/2&#8243;][vc_column_text]<\/p>\n<ul>\n<li style=\"list-style-type: none;\">\n<ul class=\"list list-icons list-primary\">\n<li><i class=\"fa fa-check\"><\/i><span style=\"color: #000000;\"> Facilidad de uso.<\/span><\/li>\n<\/ul>\n<\/li>\n<\/ul>\n<ul>\n<li style=\"list-style-type: none;\">\n<ul class=\"list list-icons list-primary\">\n<li><span style=\"color: #000000;\"><i class=\"fa fa-check\"><\/i> Actualice r\u00e1pidamente textos, fotos y v\u00eddeos.<\/span><\/li>\n<\/ul>\n<\/li>\n<\/ul>\n<ul>\n<li style=\"list-style-type: none;\">\n<ul class=\"list list-icons list-primary\">\n<li><span style=\"color: #000000;\"><i class=\"fa fa-check\"><\/i> Tu empresa siempre en internet con un contenido fresco y oportuno.<\/span><\/li>\n<\/ul>\n<\/li>\n<\/ul>\n<p>[\/vc_column_text][\/vc_column_inner][vc_column_inner width=&#8221;1\/2&#8243;][vc_column_text]<\/p>\n<ul>\n<li style=\"list-style-type: none;\">\n<ul class=\"list list-icons list-primary\">\n<li><span style=\"color: #000000;\"><i class=\"fa fa-check\"><\/i> R\u00e1pida indexaci\u00f3n por parte de los buscadores.<\/span><\/li>\n<\/ul>\n<\/li>\n<\/ul>\n<ul>\n<li style=\"list-style-type: none;\">\n<ul class=\"list list-icons list-primary\">\n<li><span style=\"color: #000000;\"><i class=\"fa fa-check\"><\/i> Puedes ver web tu p\u00e1gina en cualquier dispositivo.<\/span><\/li>\n<\/ul>\n<\/li>\n<\/ul>\n<p>[\/vc_column_text][\/vc_column_inner][\/vc_row_inner][vc_row_inner][vc_column_inner][vc_message message_box_style=&#8221;solid&#8221; message_box_color=&#8221;sky&#8221; icon_fontawesome=&#8221;far fa-window-restore&#8221; css=&#8221;.vc_custom_1586449632138{background-color: #0088cc !important;}&#8221;]Nuestros planes!!!.[\/vc_message][\/vc_column_inner][\/vc_row_inner][vc_row_inner][vc_column_inner width=&#8221;1\/2&#8243;][vc_column_text]<\/p>\n<p style=\"text-align: center;\"><strong><span style=\"color: #3366ff; font-size: 18px;\">Desarrollo de Portal Web \u2013 <span style=\"color: #000000;\">PYME<\/span><\/span> <i class=\"fa fa-store-alt\"><\/i><\/strong><\/p>\n<ul class=\"list list-icons list-primary\">\n<li style=\"text-align: justify;\"><i class=\"fa fa-globe\"><\/i><span style=\"color: #000000;\"> Sitio web AUTO ADMINISTRABLE (ustedes podr\u00e1n agregar y\/o actualizar contenidos de forma f\u00e1cil y simple).<\/span><\/li>\n<\/ul>\n<ul class=\"list list-icons list-primary\" style=\"text-align: justify;\">\n<li><span style=\"color: #000000;\"><i class=\"fa fa-layer-group\"><\/i> Vamos a dise\u00f1ar y maquetar hasta 15 p\u00e1ginas web las cuales pueden contener (fotos, textos y v\u00eddeos).<\/span><\/li>\n<\/ul>\n<ul class=\"list list-icons list-primary\" style=\"text-align: justify;\">\n<li><span style=\"color: #000000;\"><i class=\"fa fa-project-diagram\"><\/i> Hasta 5 opciones de men\u00fa (men\u00fa principal).<\/span><\/li>\n<\/ul>\n<ul class=\"list list-icons list-primary\" style=\"text-align: justify;\">\n<li><span style=\"color: #000000;\"><i class=\"fa fa-edit\"><\/i> Formulario y chat (mediante WhatsApp\u00a0 y Facebook Messenger) as\u00ed tus clientes puedan realizar consultas.<\/span><\/li>\n<\/ul>\n<ul class=\"list list-icons list-primary\" style=\"text-align: justify;\">\n<li><span style=\"color: #000000;\"><i class=\"fa fa-info-circle\"><\/i> Mapa de ubicaci\u00f3n de su negocio.<\/span><\/li>\n<\/ul>\n<ul class=\"list list-icons list-primary\" style=\"text-align: justify;\">\n<li><span style=\"color: #000000;\"><i class=\"fa fa-thumbs-up\"><\/i> V\u00ednculos de redes sociales Facebook, Twitter, YouTube, entre otras (el cliente debe contar con dichas cuentas en las redes\u00a0 mencionadas).<\/span><\/li>\n<\/ul>\n<ul class=\"list list-icons list-primary\">\n<li style=\"text-align: justify;\"><span style=\"color: #000000;\"><i class=\"fa fa-images\"><\/i> Portafolio de productos (fotos) &#8211; B\u00e1sico.<\/span><\/li>\n<\/ul>\n<p>&nbsp;<\/p>\n<p style=\"text-align: center;\"><em><span style=\"font-size: 18px;\"><span style=\"color: #ff0000;\">Inversi\u00f3n: S\/.800 soles (inc. IGV).<\/span><\/span><\/em><\/p>\n<p><center><a href=\"https:\/\/www.visanetlink.pe\/pagoseguro\/ALOJATUNEGOCIO\/396968\" target=\"_blank\" rel=\"noopener noreferrer\"><button style=\"padding: 10px 16px; line-height: 1.3333333; border-radius: 6px; -moz-border-radius: 5px; -webkit-border-radius: 5px; color: #fff; background-color: #0054cb;\">COMPRAR<\/button><\/a><\/center>[\/vc_column_text][\/vc_column_inner][vc_column_inner width=&#8221;1\/2&#8243;][vc_column_text]<\/p>\n<p style=\"text-align: center;\"><strong><span style=\"color: #3366ff; font-size: 18px;\">Desarrollo de Portal Web \u2013 <span style=\"color: #000000;\">NEGOCIO<\/span><\/span> <i class=\"fa fa-city\"><\/i><\/strong><\/p>\n<ul class=\"list list-icons list-primary\">\n<li style=\"text-align: justify;\"><i class=\"fa fa-globe\"><\/i><span style=\"color: #000000;\"> Sitio web AUTO ADMINISTRABLE (ustedes podr\u00e1n agregar y\/o actualizar contenidos de forma f\u00e1cil y simple).<\/span><\/li>\n<\/ul>\n<ul class=\"list list-icons list-primary\" style=\"text-align: justify;\">\n<li><span style=\"color: #000000;\"><i class=\"fa fa-layer-group\"><\/i> Vamos a dise\u00f1ar y maquetar hasta 30 p\u00e1ginas web las cuales pueden contener (fotos, textos y v\u00eddeos).<\/span><\/li>\n<\/ul>\n<ul class=\"list list-icons list-primary\" style=\"text-align: justify;\">\n<li><span style=\"color: #000000;\"><i class=\"fa fa-project-diagram\"><\/i> Hasta 7 opciones de men\u00fa (men\u00fa principal).<\/span><\/li>\n<\/ul>\n<ul class=\"list list-icons list-primary\" style=\"text-align: justify;\">\n<li><span style=\"color: #000000;\">Formulario y chat (mediante WhatsApp\u00a0 y Facebook Messenger) as\u00ed tus clientes puedan realizar consultas.<\/span><\/li>\n<\/ul>\n<ul class=\"list list-icons list-primary\" style=\"text-align: justify;\">\n<li><span style=\"color: #000000;\"><i class=\"fa fa-info-circle\"><\/i> Mapa de ubicaci\u00f3n de su negocio.<\/span><\/li>\n<\/ul>\n<ul class=\"list list-icons list-primary\" style=\"text-align: justify;\">\n<li><span style=\"color: #000000;\">V\u00ednculos de redes sociales Facebook, Twitter, YouTube, entre otras (el cliente debe contar con dichas cuentas en las redes\u00a0 mencionadas).<\/span><\/li>\n<\/ul>\n<ul class=\"list list-icons list-primary\">\n<li style=\"text-align: justify;\"><span style=\"color: #000000;\"><i class=\"fa fa-images\"><\/i> Portafolio de productos (fotos) o cat\u00e1logo.<\/span><\/li>\n<\/ul>\n<p>&nbsp;<\/p>\n<p style=\"text-align: center;\"><span style=\"font-size: 18px;\"><em><strong><span style=\"color: #ff0000;\">Inversi\u00f3n: S\/.1300 soles (inc. IGV).<\/span><\/strong><\/em><\/span><\/p>\n<p><center><a href=\"https:\/\/www.visanetlink.pe\/pagoseguro\/ALOJATUNEGOCIO\/396991\" target=\"_blank\" rel=\"noopener noreferrer\"><button style=\"padding: 10px 16px; line-height: 1.3333333; border-radius: 6px; -moz-border-radius: 5px; -webkit-border-radius: 5px; color: #fff; background-color: #0054cb;\">COMPRAR<\/button><\/a><\/center>[\/vc_column_text][\/vc_column_inner][\/vc_row_inner][\/vc_column][vc_column width=&#8221;1\/3&#8243; animation_type=&#8221;fadeIn&#8221;][vc_message message_box_style=&#8221;solid&#8221; message_box_color=&#8221;sky&#8221; icon_fontawesome=&#8221;fas fa-shopping-cart&#8221; css=&#8221;.vc_custom_1586030920205{background-color: #0088cc !important;}&#8221;]Compra AHORA!!!.[\/vc_message][vc_cta h2=&#8221;Panda DOME 2020&#8243; txt_align=&#8221;center&#8221; shape=&#8221;square&#8221; color=&#8221;black&#8221; add_button=&#8221;bottom&#8221; btn_title=&#8221;Solic\u00edtalo YA !&#8221; btn_style=&#8221;modern&#8221; btn_shape=&#8221;rounded&#8221; btn_color=&#8221;danger&#8221; btn_size=&#8221;xs&#8221; btn_align=&#8221;center&#8221; btn_i_icon_fontawesome=&#8221;fas fa-cart-plus&#8221; btn_button_block=&#8221;true&#8221; btn_add_icon=&#8221;true&#8221; css=&#8221;.vc_custom_1587835159072{background-color: #cccccc !important;}&#8221; btn_link=&#8221;url:https%3A%2F%2Fwww.visanetlink.pe%2Fpagoseguro%2FALOJATUNEGOCIO%2F397013||target:%20_blank|&#8221;]<span style=\"font-size: 12pt; color: #0088cc;\"><strong>Mucho m\u00e1s que un antivirus. <\/strong><\/span><br \/>\n<span style=\"font-size: 12pt; color: #0088cc;\"><strong>\u00a1 Es tu mejor elecci\u00f3n !<\/strong><\/span><\/p>\n<p><span style=\"font-size: 14pt; color: #000000;\"><strong>S\/ 50 soles x 1 licencia <\/strong><\/span><br \/>\n<span style=\"font-size: 10pt; color: #000000;\"><strong>(m\u00e1s licencias consultar)<\/strong><\/span>[\/vc_cta][vc_message message_box_style=&#8221;solid&#8221; message_box_color=&#8221;sky&#8221; icon_fontawesome=&#8221;fas fa-wallet&#8221; css=&#8221;.vc_custom_1585698058812{background-color: #0088cc !important;}&#8221;]Paga tus compras usando.[\/vc_message]<div class=\"porto-carousel owl-carousel has-ccols ccols-1 stage-margin\" data-plugin-options=\"{&quot;stagePadding&quot;:40,&quot;margin&quot;:10,&quot;autoplay&quot;:&quot;yes&quot;,&quot;autoplayTimeout&quot;:5000,&quot;autoplayHoverPause&quot;:false,&quot;items&quot;:1,&quot;lg&quot;:1,&quot;md&quot;:1,&quot;sm&quot;:1,&quot;xs&quot;:1,&quot;nav&quot;:false,&quot;dots&quot;:false,&quot;animateIn&quot;:&quot;&quot;,&quot;animateOut&quot;:&quot;&quot;,&quot;loop&quot;:&quot;yes&quot;,&quot;center&quot;:&quot;yes&quot;,&quot;video&quot;:false,&quot;lazyLoad&quot;:false,&quot;fullscreen&quot;:false}\"><div class=\"porto-image-frame \"><span class=\"thumb-info\"><span class=\"thumb-info-wrapper\"><img alt=\"\" src=\"\/\/alojatunegocio.com\/web\/wp-content\/uploads\/2020\/04\/transferencias-bancarias.gif\" class=\"img-responsive\" width=\"t\" height=\"t\"><\/span><\/span><\/div><\/div>[\/vc_column][\/vc_row]<\/p>\n","protected":false},"excerpt":{"rendered":"<p>[vc_row][vc_column][vc_single_image image=&#8221;3179&#8243; img_size=&#8221;full&#8221; alignment=&#8221;center&#8221;][\/vc_column][\/vc_row][vc_row wrap_container=&#8221;yes&#8221; css=&#8221;.vc_custom_1544533875075{padding-top: 70px !important;padding-bottom: 50px !important;}&#8221;][vc_column width=&#8221;2\/3&#8243; animation_delay=&#8221;200&#8243; animation_type=&#8221;fadeInRight&#8221;][vc_message message_box_style=&#8221;solid&#8221; message_box_color=&#8221;sky&#8221; icon_fontawesome=&#8221;fab fa-wordpress&#8221; css=&#8221;.vc_custom_1586438216103{background-color: #0088cc !important;}&#8221;]Ten tu p\u00e1gina web YA !!!.[\/vc_message][vc_row_inner][vc_column_inner][vc_column_text] Una p\u00e1gina web administrable es una web din\u00e1mica\u00a0 que te permite gestionar tus contenidos (textos, fotos, v\u00eddeos y otros elementos) a trav\u00e9s de una interfaz administrativa r\u00e1pida y sencilla. Nosotros [&hellip;]<\/p>\n","protected":false},"author":1,"featured_media":0,"parent":2480,"menu_order":0,"comment_status":"closed","ping_status":"closed","template":"","meta":{"spay_email":""},"_links":{"self":[{"href":"https:\/\/alojatunegocio.com\/web\/wp-json\/wp\/v2\/pages\/2485"}],"collection":[{"href":"https:\/\/alojatunegocio.com\/web\/wp-json\/wp\/v2\/pages"}],"about":[{"href":"https:\/\/alojatunegocio.com\/web\/wp-json\/wp\/v2\/types\/page"}],"author":[{"embeddable":true,"href":"https:\/\/alojatunegocio.com\/web\/wp-json\/wp\/v2\/users\/1"}],"replies":[{"embeddable":true,"href":"https:\/\/alojatunegocio.com\/web\/wp-json\/wp\/v2\/comments?post=2485"}],"version-history":[{"count":61,"href":"https:\/\/alojatunegocio.com\/web\/wp-json\/wp\/v2\/pages\/2485\/revisions"}],"predecessor-version":[{"id":3319,"href":"https:\/\/alojatunegocio.com\/web\/wp-json\/wp\/v2\/pages\/2485\/revisions\/3319"}],"up":[{"embeddable":true,"href":"https:\/\/alojatunegocio.com\/web\/wp-json\/wp\/v2\/pages\/2480"}],"wp:attachment":[{"href":"https:\/\/alojatunegocio.com\/web\/wp-json\/wp\/v2\/media?parent=2485"}],"curies":[{"name":"wp","href":"https:\/\/api.w.org\/{rel}","templated":true}]}}