{"id":2477,"date":"2020-03-20T03:40:41","date_gmt":"2020-03-20T03:40:41","guid":{"rendered":"https:\/\/alojatunegocio.com\/web\/?page_id=2477"},"modified":"2026-01-21T18:58:47","modified_gmt":"2026-01-21T18:58:47","slug":"dominios","status":"publish","type":"page","link":"https:\/\/alojatunegocio.com\/web\/hosting\/dominios\/","title":{"rendered":"Dominios"},"content":{"rendered":"<p>[vc_row full_width=&#8221;stretch_row&#8221;][vc_column][vc_single_image image=&#8221;2907&#8243; img_size=&#8221;full&#8221; alignment=&#8221;center&#8221;][\/vc_column][\/vc_row][vc_row wrap_container=&#8221;yes&#8221; css=&#8221;.vc_custom_1544533875075{padding-top: 70px !important;padding-bottom: 50px !important;}&#8221;][vc_column width=&#8221;2\/3&#8243; animation_delay=&#8221;200&#8243; animation_type=&#8221;fadeInRight&#8221;][vc_message message_box_style=&#8221;solid&#8221; message_box_color=&#8221;sky&#8221; icon_fontawesome=&#8221;fas fa-search&#8221; css=&#8221;.vc_custom_1586451753103{background-color: #0088cc !important;}&#8221;]Busca tu nuevo dominio AQU\u00cd !!!.[\/vc_message][vc_column_text]<div id='wdc-domain-form' class='wdc-form '>\n    \t<div id='wdc-style' >\n    \t\t<form method='post' action='' id='form' class='pure-form'>\n\n                <input type='hidden' name='item_id' value=''>\n    \t\t\t<input type='hidden' name='allowed_tld' value=''>\n    \t\t\t<input type='hidden' name='tld' value=''>\n    \t\t\t<div class='input-group large' style='max-width:900px;'>\n         \t\t\t<input type='text' class='form-control' autocomplete='off' id='Search' name='domain' placeholder=''>\n          \t\t\t\t<span class='input-group-btn'>\n    \t\t\t\t\t<button type='submit' id='Submit' class='btn btn-default btn-info'>Buscar<\/button>\n         \t \t\t\t<\/span>\n        \t\t<\/div>\n    \t\t\n    \t\t<div id='loading'><img src='https:\/\/alojatunegocio.com\/web\/wp-content\/plugins\/wp-domain-checker\/images\/load.gif'><\/img><\/div>\n    \t<\/form>\n    <div style='max-width:900px;'>\n    \t\t<div id='results' class='result large'><\/div>\n    <\/div>\n    \t<\/div>\n    <\/div>[\/vc_column_text][vc_row_inner][vc_column_inner width=&#8221;1\/4&#8243;]<div class=\"porto-sicon-box style_1 left-icon\"><div class=\"porto-sicon-left\"><div id=\"porto-icon-34271479469e4cb1b28842\" class=\"porto-just-icon-wrapper\" style=\"text-align:center;\"><div class=\"porto-sicon-img \" style=\"display:inline-block;font-size: 72px;\"><img class=\"img-icon\" alt=\"\" src=\"https:\/\/alojatunegocio.com\/web\/wp-content\/uploads\/2018\/12\/seo-grey.png\" width=\"192\" height=\"192\" \/><\/div><\/div><\/div><div class=\"porto-sicon-body\"><div class=\"porto-sicon-header\"><h3 class=\"porto-sicon-title\" style=\"font-weight:700;font-size:21px;line-height:30px;\">.com<\/h3><p>S\/ 80<\/p><\/div> <!-- header --><div class=\"porto-sicon-description\" style=\"\"><button style=\"padding: 10px 16px; line-height: 1.3333333; border-radius: 6px; -moz-border-radius: 5px; -webkit-border-radius: 5px; color: #fff; font-size: 10px; background-color: #0054cb;\">COMPRAR<\/button><\/div> <!-- description --><\/div><\/div><!-- porto-sicon-box -->[\/vc_column_inner][vc_column_inner width=&#8221;1\/4&#8243;]<div class=\"porto-sicon-box style_1 left-icon\"><div class=\"porto-sicon-left\"><div id=\"porto-icon-25905940269e4cb1b29e16\" class=\"porto-just-icon-wrapper\" style=\"text-align:center;\"><div class=\"porto-sicon-img \" style=\"display:inline-block;font-size: 72px;\"><img class=\"img-icon\" alt=\"\" src=\"https:\/\/alojatunegocio.com\/web\/wp-content\/uploads\/2018\/12\/marketing-grey.png\" width=\"192\" height=\"192\" \/><\/div><\/div><\/div><div class=\"porto-sicon-body\"><div class=\"porto-sicon-header\"><h3 class=\"porto-sicon-title\" style=\"font-weight:700;font-size:21px;line-height:30px;\">.net<\/h3><p>S\/ 80<\/p><\/div> <!-- header --><div class=\"porto-sicon-description\" style=\"\"><button style=\"padding: 10px 16px; line-height: 1.3333333; border-radius: 6px; -moz-border-radius: 5px; -webkit-border-radius: 5px; color: #fff; font-size: 10px; background-color: #0054cb;\">COMPRAR<\/button><\/div> <!-- description --><\/div><\/div><!-- porto-sicon-box -->[\/vc_column_inner][vc_column_inner width=&#8221;1\/4&#8243;]<div class=\"porto-sicon-box style_1 left-icon\"><div class=\"porto-sicon-left\"><div id=\"porto-icon-138675701969e4cb1b29f9c\" class=\"porto-just-icon-wrapper\" style=\"text-align:center;\"><div class=\"porto-sicon-img \" style=\"display:inline-block;font-size: 72px;\"><img class=\"img-icon\" alt=\"\" src=\"https:\/\/alojatunegocio.com\/web\/wp-content\/uploads\/2018\/12\/seo-grey.png\" width=\"192\" height=\"192\" \/><\/div><\/div><\/div><div class=\"porto-sicon-body\"><div class=\"porto-sicon-header\"><h3 class=\"porto-sicon-title\" style=\"font-weight:700;font-size:21px;line-height:30px;\">.pe<\/h3><p>S\/ 160<\/p><\/div> <!-- header --><div class=\"porto-sicon-description\" style=\"\"><button style=\"padding: 10px 16px; line-height: 1.3333333; border-radius: 6px; -moz-border-radius: 5px; -webkit-border-radius: 5px; color: #fff; font-size: 10px; background-color: #0054cb;\">COMPRAR<\/button><\/div> <!-- description --><\/div><\/div><!-- porto-sicon-box -->[\/vc_column_inner][vc_column_inner width=&#8221;1\/4&#8243;]<div class=\"porto-sicon-box style_1 left-icon\"><div class=\"porto-sicon-left\"><div id=\"porto-icon-175840125369e4cb1b2a106\" class=\"porto-just-icon-wrapper\" style=\"text-align:center;\"><div class=\"porto-sicon-img \" style=\"display:inline-block;font-size: 72px;\"><img class=\"img-icon\" alt=\"\" src=\"https:\/\/alojatunegocio.com\/web\/wp-content\/uploads\/2018\/12\/marketing-grey.png\" width=\"192\" height=\"192\" \/><\/div><\/div><\/div><div class=\"porto-sicon-body\"><div class=\"porto-sicon-header\"><h3 class=\"porto-sicon-title\" style=\"font-weight:700;font-size:21px;line-height:30px;\">com.pe<\/h3><p>S\/ 160<\/p><\/div> <!-- header --><div class=\"porto-sicon-description\" style=\"\"><button style=\"padding: 10px 16px; line-height: 1.3333333; border-radius: 6px; -moz-border-radius: 5px; -webkit-border-radius: 5px; color: #fff; font-size: 10px; background-color: #0054cb;\">COMPRAR<\/button><\/div> <!-- description --><\/div><\/div><!-- porto-sicon-box -->[\/vc_column_inner][\/vc_row_inner][vc_message message_box_style=&#8221;solid&#8221; message_box_color=&#8221;sky&#8221; icon_fontawesome=&#8221;fas fa-bullseye&#8221; css=&#8221;.vc_custom_1586490002132{background-color: #0088cc !important;}&#8221;]Tu elecci\u00f3n es muy importante !!!.[\/vc_message][vc_column_text]<\/p>\n<p style=\"text-align: justify;\"><span style=\"color: #000000;\">En Aloja tu Negocio sabemos lo importe que es encontrar un nombre de dominio perfecto para tu negocio, es por ello por lo que te brindamos algunos TIPS que debes tener en cuenta. As\u00ed tambi\u00e9n un buen nombre de dominio te asegura mejor posici\u00f3n de tu negocio virtual en los buscadores web.<\/span><\/p>\n<p>[\/vc_column_text][vc_row_inner][vc_column_inner width=&#8221;1\/2&#8243;][vc_message message_box_style=&#8221;solid&#8221; message_box_color=&#8221;sky&#8221; icon_fontawesome=&#8221;fas fa-edit&#8221; css=&#8221;.vc_custom_1586490232283{background-color: #0088cc !important;}&#8221;]Tips para elegir tu nombre ideal.[\/vc_message][vc_column_text]<\/p>\n<ul>\n<li style=\"list-style-type: none;\">\n<ul class=\"list list-icons list-primary\">\n<li style=\"text-align: justify;\"><i class=\"fa fa-check\"><\/i><span style=\"color: #000000;\"> Debes elegir un nombre corto y f\u00e1cil de recordar.<\/span><\/li>\n<\/ul>\n<\/li>\n<\/ul>\n<ul style=\"text-align: justify;\">\n<li style=\"list-style-type: none;\">\n<ul class=\"list list-icons list-primary\">\n<li><span style=\"color: #000000;\"><i class=\"fa fa-check\"><\/i> No debes usar caracteres especiales como: acentos o \u00f1 \u2019.<\/span><\/li>\n<\/ul>\n<\/li>\n<\/ul>\n<ul style=\"text-align: justify;\">\n<li style=\"list-style-type: none;\">\n<ul class=\"list list-icons list-primary\">\n<li><span style=\"color: #000000;\"><i class=\"fa fa-check\"><\/i> No se recomienda el uso de guiones medios (-), n\u00fameros, consonantes dobles, etc.<\/span><\/li>\n<\/ul>\n<\/li>\n<\/ul>\n<ul style=\"text-align: justify;\">\n<li style=\"list-style-type: none;\">\n<ul class=\"list list-icons list-primary\">\n<li><span style=\"color: #000000;\"><i class=\"fa fa-check\"><\/i> Elige un dominio territorial (.PE o .COM.PE) para indicar que tu empresa est\u00e1 en Per\u00fa.<\/span><\/li>\n<\/ul>\n<\/li>\n<\/ul>\n<ul>\n<li style=\"list-style-type: none;\">\n<ul class=\"list list-icons list-primary\">\n<li style=\"text-align: justify;\"><span style=\"color: #000000;\"><i class=\"fa fa-check\"><\/i> Elige un domino .COM cuando tu negocio tenga una proyecci\u00f3n internacional.<\/span><\/li>\n<\/ul>\n<\/li>\n<\/ul>\n<p>[\/vc_column_text][\/vc_column_inner][vc_column_inner width=&#8221;1\/2&#8243;][vc_message message_box_style=&#8221;solid&#8221; message_box_color=&#8221;sky&#8221; icon_fontawesome=&#8221;far fa-window-restore&#8221; css=&#8221;.vc_custom_1586491435161{background-color: #0088cc !important;}&#8221;]A tomar en cuenta!!!.[\/vc_message][vc_column_text]<\/p>\n<ul>\n<li style=\"list-style-type: none;\">\n<ul class=\"list list-icons list-primary\">\n<li style=\"text-align: justify;\"><i class=\"fa fa-check\"><\/i><span style=\"color: #000000;\"> Tu dominio es el nombre que tendr\u00e1 tu empresa o proyecto en la internet.<\/span><\/li>\n<\/ul>\n<\/li>\n<\/ul>\n<ul style=\"text-align: justify;\">\n<li style=\"list-style-type: none;\">\n<ul class=\"list list-icons list-primary\">\n<li><span style=\"color: #000000;\"><i class=\"fa fa-check\"><\/i> Tu dominio se posicionar\u00e1 en la mente de tus clientes.<\/span><\/li>\n<\/ul>\n<\/li>\n<\/ul>\n<ul style=\"text-align: justify;\">\n<li style=\"list-style-type: none;\">\n<ul class=\"list list-icons list-primary\">\n<li><span style=\"color: #000000;\"><i class=\"fa fa-check\"><\/i> Tu dominio le dar formalidad, seriedad y profesionalismo a tu negocio.<\/span><\/li>\n<\/ul>\n<\/li>\n<\/ul>\n<ul style=\"text-align: justify;\">\n<li style=\"list-style-type: none;\">\n<ul class=\"list list-icons list-primary\">\n<li><span style=\"color: #000000;\"><i class=\"fa fa-check\"><\/i> Un buen nombre dominio te asegura mejor posici\u00f3n en buscadores web.<\/span><\/li>\n<\/ul>\n<\/li>\n<\/ul>\n<ul>\n<li style=\"list-style-type: none;\">\n<ul class=\"list list-icons list-primary\">\n<li style=\"text-align: justify;\"><span style=\"color: #000000;\"><i class=\"fa fa-check\"><\/i> Baja inversi\u00f3n, m\u00e1ximo beneficio.<\/span><\/li>\n<\/ul>\n<\/li>\n<\/ul>\n<p>[\/vc_column_text][\/vc_column_inner][\/vc_row_inner][\/vc_column][vc_column width=&#8221;1\/3&#8243; animation_type=&#8221;fadeIn&#8221;][vc_message message_box_style=&#8221;solid&#8221; message_box_color=&#8221;sky&#8221; icon_fontawesome=&#8221;fas fa-shopping-cart&#8221; css=&#8221;.vc_custom_1769019055416{background-color: #0088cc !important;}&#8221;]Publicidad![\/vc_message][vc_raw_html]JTNDYSUyMGhyZWYlM0QlMjJodHRwcyUzQSUyRiUyRnd3dy5kcGJvbHZ3Lm5ldCUyRm1pNjVhci14cnpFTkZNSUpMTUVHSUZOT0ZOTSUyMiUyMHRhcmdldCUzRCUyMl9ibGFuayUyMiUzRSUwQSUzQ2ltZyUyMHNyYyUzRCUyMmh0dHBzJTNBJTJGJTJGd3d3LmxkdWh0cnAubmV0JTJGdDQxMDVlbHBkamgyQjNBNjc5QTI0NjNCQzNCQSUyMiUyMGFsdCUzRCUyMkFmZmlsaWF0ZSUyMENhbXBhaWduJTIyJTIwYm9yZGVyJTNEJTIyMCUyMiUyRiUzRSUzQyUyRmElM0U=[\/vc_raw_html][vc_message message_box_style=&#8221;solid&#8221; message_box_color=&#8221;sky&#8221; icon_fontawesome=&#8221;fas fa-wallet&#8221; css=&#8221;.vc_custom_1585698058812{background-color: #0088cc !important;}&#8221;]Paga tus compras usando.[\/vc_message]<div class=\"porto-carousel owl-carousel has-ccols ccols-1 stage-margin\" data-plugin-options=\"{&quot;stagePadding&quot;:40,&quot;margin&quot;:10,&quot;autoplay&quot;:&quot;yes&quot;,&quot;autoplayTimeout&quot;:5000,&quot;autoplayHoverPause&quot;:false,&quot;items&quot;:1,&quot;lg&quot;:1,&quot;md&quot;:1,&quot;sm&quot;:1,&quot;xs&quot;:1,&quot;nav&quot;:false,&quot;dots&quot;:false,&quot;animateIn&quot;:&quot;&quot;,&quot;animateOut&quot;:&quot;&quot;,&quot;loop&quot;:&quot;yes&quot;,&quot;center&quot;:&quot;yes&quot;,&quot;video&quot;:false,&quot;lazyLoad&quot;:false,&quot;fullscreen&quot;:false}\"><div class=\"porto-image-frame \"><span class=\"thumb-info\"><span class=\"thumb-info-wrapper\"><img alt=\"\" src=\"\/\/alojatunegocio.com\/web\/wp-content\/uploads\/2020\/04\/transferencias-bancarias.gif\" class=\"img-responsive\" width=\"t\" height=\"t\"><\/span><\/span><\/div><\/div>[\/vc_column][\/vc_row]<\/p>\n","protected":false},"excerpt":{"rendered":"<p>[vc_row full_width=&#8221;stretch_row&#8221;][vc_column][vc_single_image image=&#8221;2907&#8243; img_size=&#8221;full&#8221; alignment=&#8221;center&#8221;][\/vc_column][\/vc_row][vc_row wrap_container=&#8221;yes&#8221; css=&#8221;.vc_custom_1544533875075{padding-top: 70px !important;padding-bottom: 50px !important;}&#8221;][vc_column width=&#8221;2\/3&#8243; animation_delay=&#8221;200&#8243; animation_type=&#8221;fadeInRight&#8221;][vc_message message_box_style=&#8221;solid&#8221; message_box_color=&#8221;sky&#8221; icon_fontawesome=&#8221;fas fa-search&#8221; css=&#8221;.vc_custom_1586451753103{background-color: #0088cc !important;}&#8221;]Busca tu nuevo dominio AQU\u00cd !!!.[\/vc_message][vc_column_text][\/vc_column_text][vc_row_inner][vc_column_inner width=&#8221;1\/4&#8243;][\/vc_column_inner][vc_column_inner width=&#8221;1\/4&#8243;][\/vc_column_inner][vc_column_inner width=&#8221;1\/4&#8243;][\/vc_column_inner][vc_column_inner width=&#8221;1\/4&#8243;][\/vc_column_inner][\/vc_row_inner][vc_message message_box_style=&#8221;solid&#8221; message_box_color=&#8221;sky&#8221; icon_fontawesome=&#8221;fas fa-bullseye&#8221; css=&#8221;.vc_custom_1586490002132{background-color: #0088cc !important;}&#8221;]Tu elecci\u00f3n es muy importante !!!.[\/vc_message][vc_column_text] En Aloja tu Negocio sabemos lo importe que es encontrar un nombre de [&hellip;]<\/p>\n","protected":false},"author":1,"featured_media":0,"parent":2464,"menu_order":0,"comment_status":"closed","ping_status":"closed","template":"","meta":{"spay_email":""},"_links":{"self":[{"href":"https:\/\/alojatunegocio.com\/web\/wp-json\/wp\/v2\/pages\/2477"}],"collection":[{"href":"https:\/\/alojatunegocio.com\/web\/wp-json\/wp\/v2\/pages"}],"about":[{"href":"https:\/\/alojatunegocio.com\/web\/wp-json\/wp\/v2\/types\/page"}],"author":[{"embeddable":true,"href":"https:\/\/alojatunegocio.com\/web\/wp-json\/wp\/v2\/users\/1"}],"replies":[{"embeddable":true,"href":"https:\/\/alojatunegocio.com\/web\/wp-json\/wp\/v2\/comments?post=2477"}],"version-history":[{"count":76,"href":"https:\/\/alojatunegocio.com\/web\/wp-json\/wp\/v2\/pages\/2477\/revisions"}],"predecessor-version":[{"id":3500,"href":"https:\/\/alojatunegocio.com\/web\/wp-json\/wp\/v2\/pages\/2477\/revisions\/3500"}],"up":[{"embeddable":true,"href":"https:\/\/alojatunegocio.com\/web\/wp-json\/wp\/v2\/pages\/2464"}],"wp:attachment":[{"href":"https:\/\/alojatunegocio.com\/web\/wp-json\/wp\/v2\/media?parent=2477"}],"curies":[{"name":"wp","href":"https:\/\/api.w.org\/{rel}","templated":true}]}}